
What are the prime factors of 10732462?
2, 13, 61, 67, 101
What are the prime factors of 3828628?
2, 59, 16223
What are the prime factors of 49324?
2, 11, 19, 59
List the prime factors of 223269.
3, 19, 3917
What are the prime factors of 12230399?
31, 394529
What are the prime factors of 1051111?
151, 6961
List the prime factors of 34247.
23, 1489
List the prime factors of 1133302.
2, 23, 71, 347
List the prime factors of 1021285.
5, 157, 1301
List the prime factors of 263425.
5, 41, 257
List the prime factors of 54210.
2, 3, 5, 13, 139
What are the prime factors of 168306?
2, 3, 28051
List the prime factors of 302678.
2, 151339
List the prime factors of 5692821.
3, 701, 2707
What are the prime factors of 253851?
3, 13, 23, 283
List the prime factors of 118042.
2, 59021
What are the prime factors of 669007?
139, 4813
What are the prime factors of 91365?
3, 5, 6091
List the prime factors of 178108.
2, 7, 6361
List the prime factors of 186004.
2, 7, 13, 73
List the prime factors of 354775.
5, 23, 617
What are the prime factors of 584153?
584153
List the prime factors of 637667.
127, 5021
What are the prime factors of 126680?
2, 5, 3167
What are the prime factors of 102238?
2, 17, 31, 97
What are the prime factors of 1409260?
2, 5, 31, 2273
List the prime factors of 1251439.
7, 31, 73, 79
List the prime factors of 391510.
2, 5, 7, 17, 47
List the prime factors of 14494051.
11, 13, 79, 1283
What are the prime factors of 4530520?
2, 5, 191, 593
List the prime factors of 416888.
2, 31, 41
List the prime factors of 691773.
3, 293, 787
List the prime factors of 263954.
2, 271, 487
List the prime factors of 2200721.
31, 70991
List the prime factors of 65989.
7, 11, 857
List the prime factors of 3667548.
2, 3, 31, 9859
What are the prime factors of 887977?
61, 14557
What are the prime factors of 4598595?
3, 5, 102191
List the prime factors of 1365451.
163, 8377
What are the prime factors of 1618170?
2, 3, 5, 53939
What are the prime factors of 1435520?
2, 5, 2243
What are the prime factors of 5299832?
2, 179, 3701
What are the prime factors of 493825?
5, 19753
List the prime factors of 1141390.
2, 5, 157, 727
List the prime factors of 3377142.
2, 3, 373, 503
What are the prime factors of 4564504?
2, 7, 81509
List the prime factors of 440396.
2, 11, 10009
List the prime factors of 53813.
53813
What are the prime factors of 4562076?
2, 3, 103, 3691
List the prime factors of 20984971.
7, 2997853
List the prime factors of 198777.
3, 173, 383
List the prime factors of 535782.
2, 3, 13, 6869
List the prime factors of 1900787.
7, 17, 15973
What are the prime factors of 1081214?
2, 19, 37, 769
What are the prime factors of 4758472?
2, 211, 2819
What are the prime factors of 80137?
127, 631
List the prime factors of 8603428.
2, 17, 19, 6659
List the prime factors of 140291.
53, 2647
What are the prime factors of 3639377?
7, 17, 257
What are the prime factors of 10072998?
2, 3, 13, 4783
What are the prime factors of 516297?
3, 113, 1523
List the prime factors of 25861.
11, 2351
List the prime factors of 1318212.
2, 3, 7, 5231
What are the prime factors of 587969?
587969
What are the prime factors of 1136596?
2, 284149
What are the prime factors of 600277?
23, 26099
What are the prime factors of 16713711?
3, 7, 19, 13963
What are the prime factors of 2649445?
5, 43, 12323
List the prime factors of 351560.
2, 5, 11, 17, 47
List the prime factors of 253617.
3, 7, 13, 929
List the prime factors of 166109.
43, 3863
List the prime factors of 10865246.
2, 7, 23, 41, 823
What are the prime factors of 10882142?
2, 17, 320063
List the prime factors of 1214750.
2, 5, 43, 113
What are the prime factors of 530362?
2, 7, 43, 881
List the prime factors of 1660505.
5, 7, 11, 19, 227
What are the prime factors of 429451?
11, 39041
List the prime factors of 552890.
2, 5, 13, 4253
List the prime factors of 625708.
2, 19, 8233
What are the prime factors of 378003?
3, 126001
What are the prime factors of 16542482?
2, 11, 283, 2657
List the prime factors of 3737235.
3, 5, 73, 3413
What are the prime factors of 1479553?
1479553
List the prime factors of 18123693.
3, 7, 89, 9697
List the prime factors of 849664.
2, 3319
List the prime factors of 2059608.
2, 3, 85817
What are the prime factors of 49954?
2, 24977
What are the prime factors of 392778?
2, 3, 21821
What are the prime factors of 89671?
89671
List the prime factors of 37535239.
7, 5362177
List the prime factors of 512970.
2, 3, 5, 17099
List the prime factors of 5317402.
2, 2658701
What are the prime factors of 134788?
2, 31, 1087
List the prime factors of 6067091.
811, 7481
What are the prime factors of 1181250?
2, 3, 5, 7
What are the prime factors of 12493?
13, 31
What are the prime factors of 591830?
2, 5, 59183
List the prime factors of 1384104.
2, 3, 101, 571
What are the prime factors of 6112983?
3, 31, 65731
What are the prime factors of 1324345?
5, 11, 199
What are the prime factors of 10656942?
2, 3, 79, 22483
List the prime factors of 9682836.
2, 3, 806903
What are the prime factors of 36004712?
2, 4500589
List the prime factors of 13118801.
67, 103, 1901
List the prime factors of 18603056.
2, 1162691
What are the prime factors of 5811522?
2, 3, 89, 10883
List the prime factors of 1217168.
2, 127, 599
List the prime factors of 288033.
3, 67, 1433
List the prime factors of 22596736.
2, 176537
List the prime factors of 263381.
17, 15493
What are the prime factors of 146173?
146173
What are the prime factors of 3023774?
2, 13, 19, 6121
What are the prime factors of 2489808?
2, 3, 51871
What are the prime factors of 7737379?
13, 595183
What are the prime factors of 24411543?
3, 13, 89, 541
List the prime factors of 3263792.
2, 7, 23, 181
What are the prime factors of 6759327?
3, 241, 9349
List the prime factors of 12631741.
313, 40357
List the prime factors of 17651744.
2, 11, 50147
List the prime factors of 28234.
2, 19, 743
What are the prime factors of 641707?
11, 58337
List the prime factors of 10652227.
1973, 5399
List the prime factors of 2079615.
3, 5, 138641
List the prime factors of 3188266.
2, 1594133
What are the prime factors of 858566?
2, 429283
What are the prime factors of 673224?
2, 3, 28051
What are the prime factors of 372084?
2, 3, 101, 307
What are the prime factors of 4631540?
2, 5, 367, 631
List the prime factors of 1849685.
5, 17, 47, 463
What are the prime factors of 6690634?
2, 3345317
What are the prime factors of 1304604?
2, 3, 7, 31, 167
What are the prime factors of 606634?
2, 7, 43331
List the prime factors of 4505750.
2, 5, 67, 269
What are the prime factors of 116396?
2, 7, 4157
What are the prime factors of 5559123?
3, 23, 80567
What are the prime factors of 3962398?
2, 11, 233, 773
List the prime factors of 187855.
5, 37571
List the prime factors of 159025.
5, 6361
What are the prime factors of 210307?
17, 89, 139
What are the prime factors of 1482520?
2, 5, 13, 2851
What are the prime factors of 25733?
25733
List the prime factors of 33571203.
3, 11190401
List the prime factors of 1200625.
5, 17, 113
List the prime factors of 128485.
5, 7, 3671
What are the prime factors of 4206552?
2, 3, 7, 73
List the prime factors of 833621.
31, 26891
List the prime factors of 302047.
41, 53, 139
List the prime factors of 16514730.
2, 3, 5, 183497
List the prime factors of 26384761.
13, 2029597
What are the prime factors of 1179418?
2, 47, 12547
List the prime factors of 636862.
2, 318431
What are the prime factors of 321333?
3, 23, 4657
List the prime factors of 1698317.
17, 99901
List the prime factors of 560120.
2, 5, 11, 19, 67
List the prime factors of 1307407.
29, 45083
What are the prime factors of 4954028?
2, 173, 7159
What are the prime factors of 6119960?
2, 5, 7, 11, 1987
What are the prime factors of 500381?
7, 71483
List the prime factors of 36245871.
3, 263, 15313
What are the prime factors of 296282?
2, 7, 21163
List the prime factors of 720974.
2, 19, 18973
What are the prime factors of 59853?
3, 71, 281
What are the prime factors of 147762?
2, 3, 8209
List the prime factors of 40721.
43, 947
List the prime factors of 330161.
13, 109, 233
List the prime factors of 1795016.
2, 59, 3803
What are the prime factors of 72922?
2, 19, 101
What are the prime factors of 257715?
3, 5, 23